f - 125. Suppose 0*q = -2*q + a. What is the tens digit of q?
1
Let g(a) = 2*a - 2. Let n = 43 - 25. Let d = n - 7. What is the tens digit of g(d)?
2
Suppose 2*w = -1 - 11. What is the tens digit of (27/2)/(w/(-12))?
2
Let t(a) = -a**3 - 11*a**2 - 10*a + 2. Let g be t(-10). Suppose 0 = g*k + k - 45. What is the units digit of k?
5
Let s(l) = -6*l - 6. Let b = 8 + -15. What is the units digit of s(b)?
6
Let q(x) be the second derivative of -x**3/6 + x**2/2 + x. Let p(z) = z + 4. Let t be p(-6). What is the units digit of q(t)?
3
What is the tens digit of (-19 - -14)*(228/10)/(-3)?
3
Let x(j) = -j**2 + 9*j - 3. Let z be 3/(1/(-2) - -1). What is the units digit of x(z)?
5
Let m = 6 - 4. Suppose 0 = -m*g + 3 + 3. Suppose -9 = -g*s + 3. What is the units digit of s?
4
Let h = -18 + 33. Let w = h + -2. What is the units digit of w?
3
What is the units digit of 10*1/((-6)/(-180))?
0
Let f be (1 + 0)/((-4)/(-8)). Let g be (-4)/(-2*f/(-8)). Let s = g + 14. What is the units digit of s?
6
Suppose -80 + 26 = -3*l. What is the units digit of l?
8
Suppose -7*c + 4*c = -231. What is the tens digit of c?
7
What is the units digit of ((-16)/(-5))/((-2)/(-5))?
8
Let i = 5 + 39. What is the tens digit of i?
4
Let z(t) = -t**2 - 15*t - 39. What is the tens digit of z(-7)?
1
Let x = 1 + 1. Let u be (x/3)/((-4)/(-6)). What is the units digit of (u - 4)*(-7)/3?
7
Let f(o) = 11*o**2 - 2*o + 1. Let i = -2 + 3. Let s be f(i). Suppose -b + s = -0*b. What is the tens digit of b?
1
What is the units digit of 105/(2/5 - (-6)/10)?
5
Suppose 10*h - 8*h = 34. What is the units digit of h?
7
Let p = 242 - 131. What is the tens digit of p?
1
Let n = 2 + 1. Suppose 0 = w + 1, -n*u = -6*u - 2*w + 13. Suppose 4*s + 7 = u*s. What is the units digit of s?
7
What is the units digit of 57*6/9 - 0?
8
Let f(h) = h + 3. Let y = -13 - -20. What is the units digit of f(y)?
0
Let n(k) = k**2 - 10*k - 12. What is the units digit of n(13)?
7
Let v be -7 - -7 - -2*1. Suppose 0 = -v*a + 5 - 1. What is the units digit of a?
2
Let t(c) = 5*c**2 - c**2 + c + 3 + 0*c**2 + c**3 + 0*c**2. What is the units digit of t(-3)?
9
Let l(o) = -8*o**3 - o**2. Let z be l(1). Let d(x) = x**3 + 10*x**2 + 7*x - 13. What is the units digit of d(z)?
5
Let b = 22 + -19. Suppose 0 = -5*x - b*y + 6*y + 220, -y = -5*x + 230. What is the units digit of x?
7
Let b(t) = t - 2 - 3*t + 2*t**2 + 5*t. What is the units digit of b(2)?
2
Suppose -4*g = -9*g - 20. Let c(x) = x + 1. Let b be c(1). What is the units digit of 0 - (g + b)*1?
2
Suppose -2*p + 102 = p. What is the tens digit of p?
3
Let f = 79 + -36. What is the units digit of f?
3
Suppose 4 = 4*x - 4. Suppose -4*l - 32 = -4*m, 4*m - 1 = x*m - l. Let v(u) = u**2 + u - 3. What is the units digit of v(m)?
9
Let i be (2 + -1 - -7) + 3. Let w = -8 + i. What is the units digit of w?
3
What is the tens digit of (10 - 11)*6*-9?
5
Let y(l) = l**3 - 3*l**2 - 3. Let h = 4 - 0. What is the tens digit of y(h)?
1
Suppose 2*d - 137 = 433. What is the tens digit of d?
8
Let v(c) = c**2 + c - 1. What is the units digit of v(2)?
5
Suppose -g = 3*g + 20. Let l = 8 + g. Let s = 0 + l. What is the units digit of s?
3
Let t(v) = -v**3 + 3*v**2 + 3*v - 1. Let s be t(3). Suppose -3*h - s = -41. What is the tens digit of h?
1
Suppose 3*q + 0*q - 5*i = 119, 3*q + 5*i - 109 = 0. What is the units digit of q?
8
Let b(s) = -s**3 + 9*s**2 - 9*s + 5. Let z be b(7). Let t = z + -28. What is the tens digit of t?
1
Let t(d) = -d**3 - 7*d**2 + 8*d - 6. Let r be t(-8). Let i be 20/(-6) - 2/r. Let a = 21 + i. What is the units digit of a?
8
Suppose 10 + 30 = 5*o. What is the units digit of o?
8
Suppose n + 5 = -1. Let g(q) = -q + 2. Let u be g(n). Suppose -3*k - 25 = -u*k. What is the units digit of k?
5
Suppose -3*q + q + 2 = 0. Let l(c) = 16 - q + 2*c - 3*c. What is the units digit of l(7)?
8
Let u = 0 - -2. Let w(y) = 7*y + 2. What is the tens digit of w(u)?
1
Suppose -2*s - 2*s = 0. Suppose s = 3*h + 3 - 12. Suppose -5*r + 47 = 3*k, -r - h*k = -7 - 0. What is the tens digit of r?
1
Suppose 4*j + 171 = 747. What is the units digit of j?
4
Suppose -a = -6*a. Suppose i - 4*k + 1 - 3 = a, 3*i + 1 = 5*k. What is the units digit of -1 - (0 + i + -8)?
9
Suppose 5*z - z = -2*p - 30, 5*p + 5*z + 55 = 0. Let x = p + 13. What is the units digit of x?
6
Suppose -x + 47 = -r, 231 = x + 4*x - r. What is the tens digit of x?
4
Let f(a) = 17*a. What is the tens digit of f(1)?
1
Suppose -3*l - 2*q + 37 = -4*l, -4*q + 132 = -4*l. Let f = l - -50. What is the units digit of f?
1
Let a be 1 - (-2 - 3/3). Let q(p) be the first derivative of -p**3/3 + 5*p**2/2 + 2*p + 1. What is the units digit of q(a)?
6
Let c = 3 - 0. Suppose c*t = 5*t - 12. Let j = t + -3. What is the units digit of j?
3
Let p(t) = -t**3 - 3*t**2 + 4*t + 1. Let h be p(-4). Suppose 2*w - 43 = 33. Suppose 0 = y - 1 - h, 2*r + 5*y - w = 0. What is the tens digit of r?
1
Let m = -29 + 30. What is the units digit of m?
1
Let b(c) = 46*c**2 - c + 1. What is the units digit of b(1)?
6
What is the units digit of 2 + (-3 - -7 - 3)?
3
Let v = -120 - -296. What is the units digit of v?
6
Let s = 0 + 6. Let v(t) be the first derivative of -t**3/3 + 7*t**2/2 + t + 2. What is the units digit of v(s)?
7
Let l be 0/(-3 - (2 - 4)). Suppose -4 = 5*s + 4*y - 112, 5*s - y - 98 = l. Suppose i - s = -4*d, -2*i = -0*i - 2*d. What is the units digit of i?
4
Let y(t) = t**3 + 7*t**2 - 11*t - 11. Let h(w) = -w**2 - 10. Let c be h(0). Let i = -18 - c. What is the tens digit of y(i)?
1
Suppose -90 = -5*a - 0*a. Let l be 12/a + (-5)/3. Let s = l + 10. What is the units digit of s?
9
Suppose 32 = 2*u - 2*m, u - 2*m = 3*u - 44. Suppose 17 = 3*v - u. What is the tens digit of v?
1
Let p be 0*(-3)/(-6)*-2. Suppose p = -5*b - 3*t + 45, -2*b - 2*t - 2*t + 32 = 0. What is the units digit of b?
6
Let b(r) be the third derivative of -1/12*r**4 + 1/6*r**3 + 0*r + 1/30*r**5 + 0 + r**2. What is the units digit of b(-2)?
3
Suppose 10*k - 11*k + 153 = 0. What is the hundreds digit of k?
1
Let c(x) = 5*x + 2 + 2 - 3*x. What is the units digit of c(16)?
6
Suppose 5 - 14 = -3*s. Suppose 0 = -2*d + 3*d - s. What is the units digit of d?
3
Let t(j) be the third derivative of j**5/60 + 7*j**4/24 + 7*j**3/6 + 9*j**2. What is the units digit of t(-11)?
1
Suppose 0 = -c - 2*n + 9, 5*n - 20 = 5*c - 5. Suppose -4*u + 5 = -s, u - c - 13 = -4*s. What is the tens digit of (-6)/s - 14/(-1)?
1
What is the tens digit of (-536)/(-14) + 4/(-14)?
3
Let q be 0*(3/2 - 2). Suppose 5 - 3 = j. Suppose -4*m = 4*s - j*s - 42, q = 2*m - 5*s - 3. What is the units digit of m?
9
Let g = -11 + 25. Let h = 6 + g. What is the units digit of h?
0
Let k = -81 - -344. What is the hundreds digit of k?
2
Let r = -40 - -115. Let u = r - 36. What is the units digit of u?
9
Let q be 5/(-25) - 41/(-5). Let l = 14 + q. Let t = l + -15. What is the units digit of t?
7
Suppose -59 = 4*a - 11. Suppose -5*c - 3*t + 15 = 0, c + 0*t + 3*t = 3. What is the units digit of (2/c)/((-2)/a)?
4
Let n be (-6)/(-9)*(-3 - 0). Let r(d) = -d**2 - 2*d + 1. Let s be r(n). What is the units digit of (-11)/(-2) - s/2?
5
Suppose -5 = -5*j + 4*q + 5, 2*j - 4 = -5*q. Let f(l) = -l + 13. Let c be f(7). Suppose -r + c = j*r. What is the units digit of r?
2
Let f be ((-15)/6)/((-1)/24). Suppose f = 2*l + 3*l. What is the units digit of l?
2
Suppose 4*w + 0*w - 120 = 0. Suppose 2*y = -4*a + 6 + 50, -w = -y - 4*a. What is the units digit of y?
6
Suppose -2*j + 4*s = -5*j + 182, -3*s = -2*j + 93. What is the units digit of j?
4
Let w = 7 + -2. Let m be (-471)/(-15) + (-2)/w. Suppose -n + 3*n + 6 = -3*i, -5*n + 4*i = -m. What is the units digit of n?
3
Let g(t) = 3*t - 4. Let j be g(5). Suppose -5*n - j = 24. Let a = 1 - n. What is the units digit of a?
8
Let i(h) be the third derivative of h**5/60 - 11*h**4/24 - h**3/3 - 2*h**2. Let d(p) be the first derivative of i(p). What is the units digit of d(8)?
5
Suppose 3*o + 136 = 4*i - 45, -i + 44 = -2*o. What is the tens digit of i?
4
Let w(r) = 4*r - 3. Let l be w(4). Suppose 3*t - 85 = -l. What is the tens digit of t?
2
Suppose -3*c + 20 = -7*c. Let q = 30 + c. What is the tens digit of q?
2
Let q(a) = -a + 13. Let r be q(10). What is the tens digit of (-32)/(r/6*-2)?
3
Let m(i) = 23*i + 2. What is the tens digit